ppose -15*n + 16*n + 5 = 4*i, 0 = 2*n + 10. Suppose 0*b - 4*b - 5*f + 1825 = i, -3*b - 3*f = -1365. List the prime factors of b.
2, 3, 5
Let t be 4*(213/6 - -8). Suppose 172*m + 1062 = t*m. What are the prime factors of m?
3, 59
Let u(y) = 3110*y - 4. What are the prime factors of u(2)?
2, 3, 7, 37
Let u(h) = 3*h - 33. Let f be u(11). Suppose f = -4*r + 12*r - 104. Suppose r*g + g = 3780. List the prime factors of g.
2, 3, 5
Let k = -1916 + 3484. Suppose k = 3*h + l, 58*l = -2*h + 53*l + 1028. List the prime factors of h.
2, 131
Suppose -85*w + 242*w - 211412 = 123*w. List the prime factors of w.
2, 3109
Let h(f) = 9*f**2 - 12*f + 31. Let x = 82 - 75. Suppose -15 = -x*m + 4*m. What are the prime factors of h(m)?
2, 7
Suppose g - 2781 = -4*i, -5*i + g + 1799 = -1675. Let m = 361 + i. List the prime factors of m.
2, 3, 11
Suppose -2*x - 39 = 3*w, 4*x + 19 = -w - 44. Let q = x - -18. Suppose -73 = -q*c + 26. List the prime factors of c.
3, 11
Suppose 22 = 5*o - 5*m + 2, 2*o + 3*m = 3. Let j be (-5 + o)*(-2)/(-2). What are the prime factors of 2 - j*3/(-9)*-129?
2, 11
Suppose -48*l + 708740 = -660646 - 903222. What are the prime factors of l?
2, 3, 13, 607
Suppose -29 = -5*q - 49, 3*q = -3*t + 55920. What are the prime factors of t?
2, 59, 79
Let r(w) = 325*w**2 - 13*w + 31. Let y be r(2). Suppose 2*v - b + 3*b - 534 = 0, -5*v + b = -y. What are the prime factors of v?
2, 131
Let a = -89 + 78. Let m = -8 - a. Let g(d) = 20*d**2 + 3*d - 6. What are the prime factors of g(m)?
3, 61
Let u(v) = v**2 + 5*v + 7. Let m be u(-9). Let y = m + -47. List the prime factors of y/1 + (288/2 - -1).
3, 47
Suppose -4*n + 4*d + 45344 = 0, 3*n + d = 15515 + 18513. List the prime factors of n.
11, 1031
Let m(c) be the first derivative of c**4/4 + 2*c**3/3 - 2*c**2 + c + 545. Let i(w) = w**3 - 6*w**2 + 7*w - 7. Let a be i(5). What are the prime factors of m(a)?
2, 17
Suppose -3*k - 3*d = -d - 12265, k + 3*d = 4100. List the prime factors of k.
5, 19, 43
Suppose -4*j = -2*d - 8, 7*j - 12 = 3*j. Suppose 0*g - d*g = -y + 425, 3*y = -2*g + 1307. List the prime factors of y.
433
Let j = -242 + 245. Let x be (-5)/(-1)*4/5. Suppose -365 + 66 = -x*c + j*d, -3*d = -3*c + 222. List the prime factors of c.
7, 11
Let q(i) be the first derivative of 87*i**4 + 2*i + 13. Let g be q(1). Suppose 5*n - g = 15. What are the prime factors of n?
73
Let o(x) = -2*x**3 - 7*x**2 + 71*x + 522. What are the prime factors of o(-8)?
2, 5, 53
Let o(k) = 2*k + 5. Let a be o(1). Suppose -11*h = -a*h - q - 4577, -3*q + 1128 = h. What are the prime factors of h?
3, 127
Suppose -644902 = -53*y + 24*y. What are the prime factors of y?
2, 11119
Suppose -3*x - 151 = -2*p, -x - 2*x = -9. Let t = -76 + p. Let w(f) = 2*f**3 + 9*f - 10. What are the prime factors of w(t)?
2, 7, 11
What are the prime factors of (-7)/((-56)/32) - 34797/(-3)?
41, 283
Let g(f) = -64 + 37 - 38 - 23*f - 35. What are the prime factors of g(-17)?
3, 97
Let u be ((-35)/20)/(2/(-8))*417. Suppose 8*g - 3345 = u. What are the prime factors of g?
3, 29
Let i = 2482 + -96. Suppose -5*t - 4*x = -2574, 4*t + 334 - i = -5*x. List the prime factors of t.
2, 7, 37
Suppose 570*c = 2*l + 565*c - 21572, 0 = -4*c + 24. List the prime factors of l.
7, 1543
Let a(p) = 16*p**2 + 8*p + 9. Let l be a(-1). Let v(j) = j**3 - 17*j**2 + 36*j - 15. What are the prime factors of v(l)?
3, 199
What are the prime factors of -12*(-36)/48 + (0 - -38851)?
2, 5, 29, 67
Suppose -2*r + 562 = -2*o - 3*o, -5*o = 2*r - 542. Suppose 2*x + n - 287 = 220, x - 4*n = r. Suppose 5*a - x + 86 = 0. List the prime factors of a.
2, 17
Let q be (-1)/1 - (-6)/(-2). Let u = 37 - -140. What are the prime factors of -3 + -1 + (u - q)?
3, 59
Let r(d) = d**3 + 7*d**2 + 4*d. Let o be r(-5). Let l = -52 - o. Let w = 26 - l. List the prime factors of w.
2, 3
Let a(b) = 65*b**2 + 5*b + 4. List the prime factors of a(16).
2, 37, 113
Let a = 47 - -54. Suppose h - 278 = -4*w - a, -3*h + w = -505. What are the prime factors of h?
13
Let k be (3 + -66 - -5)*(-1)/2. Suppose 11*i = -k*i + 29440. What are the prime factors of i?
2, 23
Suppose 5*j - 4*z = 9, 11*j = 14*j - 2*z - 7. Suppose j*d + 1282 = 4*w + 3*d, 0 = -3*w + 4*d + 959. What are the prime factors of w?
3, 107
Suppose -47*b - 16475 = -54310. Let z = b - -435. List the prime factors of z.
2, 5, 31
Let l = -36 + 104. Suppose -l = -12*n + 4. Suppose r + 4*s = -0 + n, 2*r = s + 12. List the prime factors of r.
2, 3
Let r(w) = 84*w + 92. Let p be 5 - ((-1)/1)/((-7)/(-14)). List the prime factors of r(p).
2, 5, 17
What are the prime factors of (259/(-35) - -7)/(6/(-53895))?
3593
Let x = 209 + -188. Suppose -2*q - 2*d + 234 = 0, x*q = 19*q + 5*d + 234. What are the prime factors of q?
3, 13
Let c(p) = -13165*p**3 + 2*p**2 - 25*p - 24. What are the prime factors of c(-1)?
2, 823
Suppose -3*f - v + 4586 + 899 = 0, 7326 = 4*f - 5*v. What are the prime factors of f?
31, 59
Suppose 4525*v + 3556268 = 4563*v. List the prime factors of v.
2, 73, 641
Suppose 2*s - 3*c - 2*c - 2084 = 0, -2*s - 2*c + 2084 = 0. Let r = 1788 - s. List the prime factors of r.
2, 373
Let u(i) = 26*i**2 + 107*i - 943. What are the prime factors of u(9)?
2, 1063
Suppose -14*u + 17*u = g - 64158, 5*u - 25 = 0. What are the prime factors of g?
3, 21391
Suppose 0 = 148*p - 145*p + 366. Let c = p - -217. List the prime factors of c.
5, 19
Let v(b) = -b**3 - 15*b**2 - 25*b + 16. Let h be v(-13). Let a(o) = 4*o - 17 - 2*o**h + 7 + 7 - 7*o**2. What are the prime factors of a(-6)?
3, 17
Let i = 85629 - 41091. What are the prime factors of i?
2, 3, 13, 571
Suppose 5*r + 11 = 1, 3*t - 89160 = 3*r. What are the prime factors of t?
2, 3, 13, 127
Let k = -110 + 115. Suppose -k*s + 25 = 0, -4*p + 4*s + 1792 = 216. List the prime factors of p.
3, 7, 19
Let m(s) = -213*s + 236. What are the prime factors of m(-49)?
13, 821
Let f(u) = 29*u + 3. Let p be f(1). Suppose p*x - 39*x = -56. Suppose 0 = x*n + 204 - 820. List the prime factors of n.
7, 11
What are the prime factors of 200/(36 - 16) + 4317?
4327
Suppose -3*l - 14*u = -11*u - 42480, 4*u - 42478 = -3*l. What are the prime factors of l?
2, 73, 97
Suppose 2*i = 3*n - 194, -5*n + 293 = i - 4*i. Let x = 96 + i. Suppose -s + x*m + 80 = 0, -212 = -0*s - 3*s + m. List the prime factors of s.
2, 5, 7
Let j = -66084 + 120809. What are the prime factors of j?
5, 11, 199
Suppose -62*p - 145 = -517. Suppose 3*i - 4*i - 2*w = -25, -5*i = w - 125. Let y = p + i. What are the prime factors of y?
31
Let b be (-1325)/3 + 11/(-33). Let u = 90 - b. What are the prime factors of u?
2, 7, 19
Suppose 5*k = 2*m + 73708, 16*m - 12*m = -k + 14768. What are the prime factors of k?
2, 19, 97
Let m = -418 - -427. Suppose -2237 = m*n - 11687. List the prime factors of n.
2, 3, 5, 7
Suppose 22*x - 20*x - 12820 = 0. What are the prime factors of x?
2, 5, 641
Suppose 1840 = -17*o - 166. Let m = 166 + o. List the prime factors of m.
2, 3
Let m(z) = 1588*z**2 + 167*z + 339. List the prime factors of m(-2).
3, 13, 163
Suppose -2*y + 4270 = 12*y. Let o(r) = -y*r + 323*r - r**2 - 3 - 20. List the prime factors of o(12).
7
Let u be (-1)/4 + (-5)/((-20)/1). Suppose u*v + v + 4*n = 0, 2*n = 2*v - 10. Suppose v*k - 371 - 669 = 0. List the prime factors of k.
2, 5, 13
Let k(z) = -4*z**2 - 2*z. Let m be k(-1). Let g = m + 3. What are the prime factors of g/(-2)*(-131 - -1)?
5, 13
Let m(d) = 273 - 547 + 268 + 20*d. List the prime factors of m(3).
2, 3
Let n = 44 - 44. Suppose -12 = -6*c - n. Suppose -c*r = -r - 26. List the prime factors of r.
2, 13
Let k = 132333 - 72501. List the prime factors of k.
2, 3, 277
Let w(l) = l + 3. Let z be w(-3). Suppose z = 41*r - 36*r - 2515. Let c = r - 278. List the prime factors of c.
3, 5
Let j(f) be the second derivative of 313*f**3/6 + 45*f**2 - 40*f + 4. What are the prime factors of j(4)?
2, 11, 61
Let r = 18464 + -12997. List the prime factors of r.
7, 11, 71
Let b be (1*17)/(47/(-893)). Let s = 233 - b. What are the prime factors of s?
2, 139
Suppose -4*u = 12, -81363 = -3*m - u + 34335. List the prime factors of m.
38567
Suppose 3*y = -0*y + 15, 2*v = -3*y + 11. Let b(a) = -7*a**3 - 2*a**2 + a + 2. Let i be b(v). What are the prime factors of 5052/i + 1*(-1)/4?
3, 5, 7
Let v = -18345 - -80746. What are the prime factors of v?
6240